prime factors of n.
5, 17
Suppose -198 = 40*u - 43*u. Let x = u + -63. Suppose -3*a + w = -510, w - 833 = -5*a - x*w. What are the prime factors of a?
13
Let l(t) = -202*t**3 - 56*t**2 - 29*t + 34. List the prime factors of l(-7).
43, 1553
Suppose p + 8*k = 6*k + 15852, 3*k = -5*p + 79309. List the prime factors of p.
2, 7933
Suppose 3*m = -m + 80. Let n(f) = 8*f + 20. Let u be n(-2). Let d = m - u. List the prime factors of d.
2
Suppose 4*b = 5*g + 1943, -3*b - 2*g + 1328 = -112. Suppose 5*d - b = 33. Suppose d*h - 1250 = 98*h. What are the prime factors of h?
2, 5
Suppose -11*n + 32350 = 5*t - 6*n, 2*n + 2 = 0. What are the prime factors of t?
3, 719
Let h be (36/15 + -2)/(2/10). Suppose 0 = 7*f + h - 9. Suppose 5*u - 70 - f = 4*p, 0 = 5*p + 20. List the prime factors of u.
11
Let w = 526 + -524. Suppose -3*p + 888 = 4*c - 888, 3*c = -w*p + 1184. List the prime factors of p.
2, 37
Suppose 71*m + 136 = 79*m. Let n(a) be the first derivative of a**4/4 - 6*a**3 + 12*a**2 + 5*a + 3. List the prime factors of n(m).
2, 31
Suppose j - 7 = 4*k, -5*j + 9 = 5*k + 49. Let f be 1/(-2) + (k/2 - 0). List the prime factors of -1 - (f/(-5) - 912/30).
29
Let o(r) = 11*r**2 - 25*r + 2332. What are the prime factors of o(39)?
2, 7, 17, 19
Let f(p) = 5*p - 39. Let z be f(16). Let b(i) = 0*i**2 - 25*i + 3*i**2 + z*i + 37 - 9. List the prime factors of b(-10).
2, 3, 7
Let v(t) = 172*t - 9985. List the prime factors of v(173).
17, 1163
Suppose n = y + 3, 2 = -n - n + 4*y. Let t(s) = 26*s + 145. List the prime factors of t(n).
3, 109
Suppose -l + 895 = -1168. Let b = -1301 + l. What are the prime factors of b?
2, 3, 127
Suppose 0 = -9*b - 12*b + 1323. Suppose x - 4*o - 879 = 0, -2581 = -3*x + 5*o + b. What are the prime factors of x?
883
Let b = 799 - 1867. Let t = 1780 + b. Suppose 9*o - 413 = t. What are the prime factors of o?
5
Suppose 14*r + 13*r = 135. Suppose 0 = -r*z - c + 2*c + 1930, z + 3*c = 386. What are the prime factors of z?
2, 193
Let q = 7 + -3. Let j be q - (-2 + 2) - -1. Suppose -5*d + 490 = 7*k - 2*k, -j*d + 5*k = -540. List the prime factors of d.
103
Let x(b) = -b**3 + 2*b**2 + 3*b + 5. Let g(w) = w**3 + 4*w**2 + 3*w - 4. Let v be g(-4). Let m = v + 13. What are the prime factors of x(m)?
41
Let m(u) = 307*u**2 + 12*u - 21. Let s = -81 + 83. List the prime factors of m(s).
1231
Suppose 11*s = 6*s + 10. Let u(o) = 49*o**2 - 7*o + 3. What are the prime factors of u(s)?
5, 37
Let d = -20622 - -31169. List the prime factors of d.
53, 199
Let c(i) = -i**3 - 12*i**2 + 30*i + 20. Let n be c(-14). List the prime factors of n + (-1)/((-8)/1376).
2, 41
Let a(k) = k**2 - 13*k + 1. Let q be a(13). Let z(l) be the second derivative of 17*l**4/6 - l**3/2 + 3*l**2/2 + 34*l. List the prime factors of z(q).
2, 17
Suppose 4 - 129 = -5*q. Let b be -19 + (-2 - -4)/(-2). What are the prime factors of 1035/q + 8/b?
41
Suppose 5*j + 52 = -p, -4*p - 3*j - 165 - 94 = 0. Suppose 4*t + 492 = 2*o, t + 164*o - 161*o + 130 = 0. Let z = p - t. List the prime factors of z.
3, 19
Let z(c) = -c**3 + 8*c**2 - 8*c + 8. Suppose 0 = -6*h + 4*h + 14. Let n be z(h). What are the prime factors of 76/2 - (n - -1)?
2, 3
Suppose -7539 = -v + 2*d, 4*v - 12525 = -3*d + 17631. List the prime factors of v/14 + (-6)/4.
3, 179
Suppose -4*d - 100 = -9*d. Suppose 74*m + 288 = 2*m. List the prime factors of (m/((-64)/(-28)))/((-1)/d).
5, 7
Suppose -9*o + 49699 = -5*o + 5*c, -62125 = -5*o - 5*c. List the prime factors of o.
2, 3, 19, 109
Let p(o) = 56*o + 2. Let d be p(-1). Let h = d - -58. Suppose 3*q + h*w + 89 = 6*q, q + 4*w = 35. List the prime factors of q.
31
Let q(u) = 1442*u**2 - 10*u + 81. What are the prime factors of q(5)?
3, 19, 211
List the prime factors of (((-2292)/9)/(-2))/(-1)*(-195624)/624.
11, 19, 191
Let x(f) = -197*f + 172. Let y be x(14). Let b = 3918 + y. What are the prime factors of b?
2, 3, 37
List the prime factors of 9110514/112 + 12/96.
2, 31, 41
Let l(q) = 7*q**2 - 10*q - 25. Let y be l(-4). Let u be (6/(-4))/(9/(-24)). Suppose v - 2*p - 31 = -p, 3*p = u*v - y. What are the prime factors of v?
2, 17
Let g = -13016 + 25624. List the prime factors of g.
2, 197
Suppose -5*i = 3*d - 34073, 15*i = 3*d + 11*i - 34118. Suppose -18*b + d = -5896. List the prime factors of b.
7, 137
Suppose -143*y + 5709 = -141*y - 3*z, -4*y = -z - 11393. List the prime factors of y.
3, 13, 73
Let n be -3*(7 + 0)*(-1014)/(-9). What are the prime factors of n/(-3) - -4*(-5)/(-60)?
3, 263
Let a be ((-12)/7)/((-8)/28). Suppose -a*j + 0*j + 36 = 0. Suppose j*m - 904 + 4 = 0. What are the prime factors of m?
2, 3, 5
Suppose 7*l + 140 - 819 = 0. Let m = -95 + l. Suppose 304 = 2*j + m*c - 74, -4*j - c = -744. List the prime factors of j.
5, 37
Let k be 0/(1 + 0 - -4). Suppose k = -6*u + 452 + 748. List the prime factors of u.
2, 5
Let t(y) = 7731*y - 4651. What are the prime factors of t(3)?
2, 73, 127
Suppose -8*x = -13*x + 4*g + 77521, -4*g = 2*x - 31042. What are the prime factors of x?
13, 1193
Let q = -66 + 192. Let m(s) = -s**3 - 19*s**2 + 67*s + 28. Let h be m(-22). Let i = q + h. List the prime factors of i.
2, 3, 11
Let j(s) = 8*s + 4*s - 28 - 96*s. List the prime factors of j(-5).
2, 7
Suppose -134*u = -7771676 + 1399554 - 4761536. List the prime factors of u.
19, 4373
Suppose -3*u + 339 = 4*z - 108, -3*u + 4*z + 471 = 0. Let m = 92 + u. Let t = 345 - m. List the prime factors of t.
2, 5
List the prime factors of (-299)/13 - (-54112 - 25).
2, 3, 29, 311
Suppose -2*o + 2*w = -3 - 39, -3*o + 5*w = -71. Let m be (6 + 0)*12/18. Suppose -o = -5*d + m*d. List the prime factors of d.
17
Let l = -61937 - -105580. What are the prime factors of l?
19, 2297
Let s = -5944 + 16784. What are the prime factors of s?
2, 5, 271
Let i(z) = 57*z. Let t be i(1). Suppose -2*b - 2 = -x - 1, -3*x + 19 = 2*b. Suppose b*o + t = 4*q - 125, -o - 187 = -4*q. List the prime factors of q.
2, 3
Let o(i) = -i**2 - 26*i - 85. Let c be o(-22). Suppose 5*x - c*j - 949 = 0, 4*x - j = x + 567. List the prime factors of x.
2, 47
Let v be 2/12*(0 + -8 + 26). Let g = -4 + 4. Suppose v*j - 188 - 130 = -3*b, g = -2*b - 5*j + 227. List the prime factors of b.
101
Let g be (-117)/(-2 - (125/70 + -4)). Let b = 175 - g. List the prime factors of b.
7, 103
Let h = 54 - 47. Let x = h + 76. Let f = x + -68. What are the prime factors of f?
3, 5
Let i = 43 - 35. Suppose 60 - 12 = i*w. List the prime factors of (16/w)/4*774/12.
43
Let u(a) = a**3 - a**2 + 4*a. Let j(v) = 2*v**2 + 2*v. Let t be j(-2). Suppose -t*k - 14 = -30. List the prime factors of u(k).
2
Let m(i) = 3*i + 2. Let g be m(5). Suppose -g*n + 25*n - 248 = 0. List the prime factors of n.
31
Suppose 4*k = 8, -41*g + 37*g + 4*k + 20 = 0. What are the prime factors of ((-34860)/(-16))/g - 3/12?
311
Suppose -45*d - 60656 = -49*d. What are the prime factors of d?
2, 17, 223
Let w be (-3 + 24/4)*(1 - 0). Suppose -w*s + 31 = 16. What are the prime factors of s?
5
Let t be (-5)/((-2)/76*1). Suppose -38011 = 21*n - 40594. Let v = t - n. List the prime factors of v.
67
Let w = -59 + 63. Suppose w*q = m + 839, 5*q + 0*m = 4*m + 1057. List the prime factors of q.
11, 19
Suppose 7*x + 2028 = 13*x. Let c = -300 + x. What are the prime factors of c?
2, 19
Let w(y) = 228*y - 6. Let v be w(4). Let k = 1555 - v. What are the prime factors of k?
11, 59
Suppose 4*y + 3*a - 8260 = 14504, 4*a = y - 5672. List the prime factors of y.
2, 3, 79
What are the prime factors of (-268158)/(-27) - 10/(-45)?
2, 13, 191
Let i = 123 + -46. Suppose -59 = -2*p - f, -2*p = -0*f - 5*f - 89. Let v = i - p. List the prime factors of v.
3, 5
Suppose 5*u - 158 = -4*y, -4*y - 2*u + 100 = -64. Suppose -y*v + 46*v + 312 = 0. Let i = -44 - v. List the prime factors of i.
2, 17
Let l(r) = 14*r - 76*r**2 - 2*r + 77*r**2 + 15 + 15. Let b be l(-9). Suppose 0 = 4*x - b*x - 59. What are the prime factors of x?
59
Suppose t - 15640 = -5*c, -4*c + 2*t + 2610 + 9902 = 0. What are the prime factors of c?
2, 17, 23
Let j(o) = -o**2 + 20*o + 44. Suppose 147 = 20*v - 113. List the prime factors of j(v).
3, 5
Let n = -6608 - -9910. What are the prime factors of n?
2, 13, 127
Let p(x) = -x**3 + 54*x**2 + 87*x + 208. What are the prime factors of p(48)?
2, 569
List the prime factors of 81/9 - ((-3882)/2 + 5).
5, 389
Let b = 40 + -3